 150.
50
Calculate the greatest common divisor of 152 and 532.
76
What is the greatest common divisor of 50 and 7325?
25
What is the highest common factor of 32 and 26?
2
Calculate the greatest common factor of 5 and 1215.
5
Calculate the greatest common divisor of 525 and 126.
21
What is the greatest common factor of 29 and 1015?
29
What is the highest common divisor of 1144 and 312?
104
What is the greatest common divisor of 7485 and 15?
15
What is the highest common divisor of 9488 and 48?
16
Calculate the highest common divisor of 65 and 1586.
13
Calculate the highest common factor of 258 and 2666.
86
What is the greatest common factor of 87278 and 302?
302
What is the greatest common factor of 14 and 350?
14
Calculate the greatest common factor of 702 and 390.
78
What is the greatest common factor of 255 and 20?
5
Calculate the greatest common divisor of 252 and 672.
84
What is the highest common factor of 4699 and 381?
127
What is the highest common factor of 429 and 66?
33
Calculate the greatest common divisor of 931 and 38.
19
What is the greatest common factor of 2944 and 64?
64
What is the greatest common factor of 23 and 7?
1
Calculate the greatest common factor of 16 and 1648.
16
What is the greatest common factor of 1071 and 51?
51
What is the greatest common factor of 1632 and 51?
51
What is the greatest common factor of 10126 and 166?
166
What is the greatest common factor of 90 and 190?
10
What is the highest common divisor of 192 and 512?
64
What is the highest common factor of 218 and 4?
2
What is the greatest common divisor of 81 and 5913?
81
What is the greatest common factor of 132 and 759?
33
Calculate the greatest common divisor of 105 and 465.
15
Calculate the greatest common factor of 1215 and 45.
45
Calculate the highest common divisor of 30 and 25.
5
What is the highest common divisor of 2464 and 77?
77
Calculate the greatest common factor of 8183 and 147.
49
Calculate the greatest common factor of 2552 and 290.
58
What is the greatest common factor of 20 and 540?
20
What is the greatest common divisor of 177 and 59?
59
Calculate the highest common factor of 1840 and 1955.
115
Calculate the greatest common factor of 807 and 15.
3
What is the greatest common divisor of 610 and 854?
122
What is the greatest common factor of 539 and 147?
49
What is the greatest common factor of 56 and 2534?
14
Calculate the highest common divisor of 12 and 57.
3
Calculate the greatest common divisor of 1198 and 26.
2
What is the highest common divisor of 973 and 5143?
139
Calculate the highest common factor of 31 and 10.
1
Calculate the greatest common factor of 5 and 48245.
5
What is the greatest common divisor of 8 and 172?
4
What is the highest common divisor of 81 and 45?
9
What is the greatest common factor of 224 and 128?
32
Calculate the highest common divisor of 5688 and 32.
8
What is the greatest common factor of 348 and 29?
29
What is the highest common divisor of 496 and 16?
16
Calculate the greatest common divisor of 330 and 726.
66
Calculate the highest common factor of 28 and 245.
7
Calculate the greatest common divisor of 143 and 117.
13
Calculate the greatest common factor of 1053 and 156.
39
Calculate the greatest common divisor of 72 and 120.
24
Calculate the highest common factor of 48 and 36.
12
Calculate the greatest common divisor of 222 and 19758.
222
What is the greatest common factor of 207 and 792?
9
Calculate the highest common divisor of 250 and 200.
50
Calculate the greatest common divisor of 308 and 88.
44
Calculate the highest common factor of 32 and 1200.
16
What is the greatest common factor of 52 and 1118?
26
Calculate the highest common factor of 3374 and 28.
14
Calculate the greatest common factor of 110 and 1474.
22
Calculate the greatest common divisor of 456 and 72.
24
Calculate the highest common divisor of 6 and 38.
2
Calculate the greatest common divisor of 873 and 18.
9
Calculate the highest common factor of 8 and 704.
8
Calculate the greatest common factor of 66 and 275.
11
Calculate the greatest common factor of 225 and 234.
9
Calculate the greatest common divisor of 24 and 76980.
12
What is the greatest common divisor of 4 and 626?
2
What is the greatest common divisor of 78 and 6?
6
Calculate the highest common divisor of 59769 and 261.
261
Calculate the greatest common factor of 2596 and 44.
44
Calculate the greatest common factor of 1846 and 2.
2
Calculate the greatest common factor of 220 and 20.
20
What is the greatest common divisor of 9 and 1467?
9
Calculate the greatest common divisor of 624 and 117.
39
What is the greatest common divisor of 35236 and 184?
92
Calculate the highest common factor of 105 and 14.
7
What is the highest common divisor of 10233 and 27?
27
Calculate the highest common factor of 16 and 11.
1
Calculate the greatest common factor of 782 and 34.
34
What is the greatest common divisor of 66 and 6?
6
Calculate the greatest common factor of 441 and 189.
63
Calculate the greatest common divisor of 345 and 375.
15
What is the greatest common factor of 1624 and 91?
7
Calculate the highest common factor of 22 and 451.
11
What is the greatest common divisor of 126 and 1736?
14
Calculate the greatest common divisor of 104 and 2626.
26
What is the greatest common factor of 406 and 232?
58
Calculate the highest common divisor of 8 and 32.
8
Calculate the greatest common factor of 23 and 184.
23
What is the highest common factor of 21 and 1029?
21
Calculate the greatest common factor of 260 and 1456.
52
What is the greatest common divisor of 81286 and 194?
194
Calculate the highest common factor of 165 and 90.
15
Calculate the greatest common factor of 84 and 4944.
12
Calculate the highest common divisor of 295 and 354.
59
What is the highest common factor of 175 and 49?
7
Calculate the greatest common divisor of 750 and 30.
30
Calculate the highest common factor of 553 and 7.
7
Calculate the highest common divisor of 1156 and 1224.
68
What is the greatest common divisor of 3848 and 104?
104
Calculate the greatest common factor of 1581 and 561.
51
What is the highest common factor of 20 and 12820?
20
Calculate the greatest common factor of 35394 and 51.
51
Calculate the greatest common factor of 250 and 1550.
50
What is the greatest common divisor of 13 and 416?
13
Calculate the highest common factor of 33 and 429.
33
Calculate the highest common factor of 12555 and 2025.
405
What is the greatest common factor of 338 and 6?
2
Calculate the highest common divisor of 11614 and 4.
2
What is the greatest common factor of 33 and 22?
11
What is the highest common divisor of 152 and 440?
8
What is the greatest common factor of 151 and 62514?
151
Calculate the highest common factor of 160 and 32.
32
What is the highest common factor of 23 and 391?
23
Calculate the greatest common divisor of 112 and 196.
28
Calculate the greatest common divisor of 477 and 212.
53
What is the highest common factor of 646 and 34?
34
What is the greatest common factor of 10 and 122?
2
Calculate the highest common divisor of 208 and 78.
26
What is the greatest common factor of 46 and 322?
46
What is the highest common divisor of 208 and 26?
26
Calculate the greatest common divisor of 51 and 612.
51
Calculate the greatest common factor of 957 and 29.
29
Calculate the highest common factor of 572 and 66.
22
Calculate the highest common factor of 129 and 602.
43
Calculate the greatest common divisor of 6528 and 170.
34
What is the greatest common factor of 1 and 4?
1
Calculate the highest common divisor of 736 and 69.
23
Calculate the greatest common factor of 1197 and 285.
57
What is the highest common divisor of 86 and 1118?
86
Calculate the highest common divisor of 175 and 1120.
35
What is the greatest common factor of 22 and 4906?
22
Calculate the greatest common factor of 17 and 14144.
17
Calculate the greatest common factor of 4510 and 110.
110
What is the greatest common divisor of 262 and 6?
2
What is the highest common factor of 8370 and 54?
54
What is the highest common factor of 168 and 120?
24
Calculate the greatest common factor of 18 and 12.
6
What is the greatest common factor of 370 and 592?
74
Calculate the greatest common divisor of 1581 and 408.
51
What is the greatest common facto